{"id":108,"date":"2021-01-24T14:51:30","date_gmt":"2021-01-24T14:51:30","guid":{"rendered":"http:\/\/www.cbwac.com\/hwylio\/?page_id=108"},"modified":"2021-07-23T09:41:02","modified_gmt":"2021-07-23T09:41:02","slug":"cwestiynau-cyffredin","status":"publish","type":"page","link":"https:\/\/www.cbwac.com\/hwylio\/cwestiynau-cyffredin\/","title":{"rendered":"Cwestiynau Cyffredin"},"content":{"rendered":"<p>Rydym wedi crefftio&#8217;r dudalen Cwestiynau Cyffredin hon i ateb llawer o&#8217;ch cwestiynau cyffredin. Os na allwch ddod o hyd i&#8217;ch cwestiwn isod, cysylltwch \u00e2 ni a byddwn yn hapus i helpu.<\/p>\n<hr \/>\n<p><strong>A allaf archebu fel unigolyn?<\/strong><br \/>\nRydym yn darparu ar gyfer selogion amatur a phroffesiynol o wyth oed i fyny. Mae croeso i bobl ifanc neu oedolion wneud archeb unigol.<\/p>\n<p><strong>Alla i archebu fel rhan o gr\u0175p?<\/strong><br \/>\nOes, gallwn ddarparu ar gyfer hyd at 35 o bobl; bydd angen archebu gr\u0175p o dros 12 o bobl cyn belled \u00e2 phosibl. Cysylltwch \u00e2&#8217;r ganolfan am fanylion pellach.<\/p>\n<p><strong>A gaf i ymweld \u00e2 chi cyn archebu i ddarganfod mwy?<\/strong><br \/>\nIe, dewch i gael golwg o gwmpas. Mae croeso i arweinwyr gr\u0175p, rhieni ac unigolion fynd ar daith o amgylch y cyfleusterau a gwylio&#8217;r gweithgareddau ar waith.<\/p>\n<p><strong>Oes angen i mi dalu ymlaen llaw?<\/strong><br \/>\nOes, rhaid talu am ein holl gyrsiau wrth archebu, er mwyn sicrhau lle ar gwrs penodol. Ar \u00f4l i chi dalu am y cwrs, dosbarthir 25% o ffi y cwrs fel y taliad blaendal.<\/p>\n<p><strong>Beth sydd wedi&#8217;i gynnwys yng nghost y cwrs?<\/strong><br \/>\nMae prisiau cyrsiau&#8217;n cynnwys yr holl hyfforddiant, defnyddio offer, llyfrau log a thystysgrifau, lle bo hynny&#8217;n berthnasol. Mae taliadau ieuenctid yn berthnasol i fyfyrwyr 8-16 oed.<\/p>\n<p>Mae ein holl gyrsiau yn dilyn maes llafur yr RYA. Rhoddir tystysgrif briodol i bob myfyriwr os cyflawnir holl ofynion y cwrs.<\/p>\n<p><strong>Beth sydd heb ei gynnwys yng nghost y cwrs?<\/strong><br \/>\nNid yw prisiau cyrsiau&#8217;n cynnwys cinio, esgidiau, tyweli nac unrhyw ffioedd arholiad i&#8217;r RYA (oni nodir yn wahanol)<\/p>\n<p><strong>A fyddaf yn derbyn cadarnhad archebu?<\/strong><br \/>\nOes, unwaith y bydd archeb wedi&#8217;i derbyn, byddwch yn derbyn cadarnhad archebu gennym a fydd yn cynnwys y cyfarwyddiadau ymuno a&#8217;r cyfarwyddiadau i&#8217;r ganolfan, ynghyd \u00e2 dolenni i&#8217;n telerau ac amodau.<\/p>\n<p><strong>A allaf newid fy archeb?<\/strong><br \/>\nByddwn, byddwn yn ceisio darparu ar gyfer unrhyw newidiadau i&#8217;ch archeb, ond bydd newidiadau i&#8217;r cwrs lai na thair wythnos cyn y gall y cwrs fod yn destun t\u00e2l gweinyddol.<\/p>\n<p>Mae angen i mi ganslo fy nghwrs, beth sydd angen i mi ei wneud?<br \/>\nSicrhewch eich bod yn gyfarwydd \u00e2&#8217;n polisi canslo a amlinellir yn ein Telerau ac Amodau. I ganslo&#8217;ch gweithgaredd e-bostiwch wateractivity@cardiff.gov.uk a rhoi cymaint o rybudd \u00e2 phosibl i ni.<\/p>\n<p><strong>Pa mor brofiadol yw&#8217;ch staff?<\/strong><br \/>\nMae holl aelodau&#8217;r t\u00eem yn ymroddedig i sicrhau bod rhaglenni&#8217;n cael eu cyflwyno i&#8217;r safonau proffesiynol uchaf.<\/p>\n<p>Mae gan bob un o&#8217;n hyfforddwyr gymwysterau hyfforddwr \/ hyfforddwr corff llywodraethu cenedlaethol priodol gan y Gymdeithas Hwylio Frenhinol (RYA) neu gorff perthnasol arall, ac mae ganddynt y profiad angenrheidiol yn y gweithgareddau y maent yn eu goruchwylio.<\/p>\n<p><strong>Mae gen i anabledd &#8211; a gaf i gymryd rhan?<\/strong><br \/>\nYdym, rydym wedi ymrwymo i ddatblygu a darparu cyfleoedd i bawb trwy ddarparu gweithgareddau anturus hygyrch mewn partneriaeth \u00e2&#8217;r Innovate Trust ac RYA Cymru Wales. Rydym yn cynnig sesiynau sy&#8217;n darparu ar gyfer ystod eang o anableddau ac yn dal y Wobr Efydd gan Disability Sport Wales.<\/p>\n<p><strong>A oes terfynau oedran?<\/strong><br \/>\nYdw. Mae cyrsiau ieuenctid ar gyfer myfyrwyr rhwng 8 a 16 oed ar adeg y cwrs. Mae cyrsiau oedolion ar gyfer y myfyrwyr 16+ hynny. Mae angen caniat\u00e2d rhiant ar bawb dan 18 oed. Mae gan gyrsiau Cychod P\u0175er a Hyfforddwr derfynau oedran penodol penodol y manylir arnynt ar gyfer pob cwrs.<\/p>\n<p><strong>Pa mor ffit sydd angen i mi fod? Oes angen i mi allu nofio?<\/strong><br \/>\nDylai fod gan bob myfyriwr lefel rhesymol o ffitrwydd er mwyn mwynhau ei gwrs, a bod yn hyderus yn y d\u0175r. Os oes gennych unrhyw bryderon neu gyflyrau meddygol, cysylltwch \u00e2&#8217;ch meddyg i ofyn am gyngor ynghylch a ddylech gymryd rhan.<\/p>\n<p><strong>A fydd fy ngweithgaredd yn digwydd mewn tywydd gwael?<\/strong><br \/>\nMae&#8217;r holl weithgareddau&#8217;n destun amodau tywydd, a allai arwain at ganslo cyrsiau. Fodd bynnag, byddwn yn ymdrechu i ddarparu ar gyfer yr holl ymrwymiadau archebu pe bai canslo yn digwydd. Amlinellir y rhain yn ein Telerau ac Amodau.<\/p>\n<p><strong>A allaf ddod \u00e2&#8217;m hoffer fy hun?<\/strong><br \/>\nMae gennym yr holl offer sydd eu hangen arnoch ar gyfer amser diogel, hwyliog. Fodd bynnag, os oes gennych eich offer eich hun yr hoffech ddod \u00e2 nhw gyda chi, gallwch ar yr amod eich bod wedi ein hysbysu, ond nodwch eich bod yn dod ag ef a&#8217;i ddefnyddio ar eich risg eich hun ac ni allwn dderbyn unrhyw gyfrifoldeb am unrhyw ddifrod neu golled i&#8217;ch offer.<\/p>\n<p><strong>A allaf brynu cinio ar y safle?<\/strong><br \/>\nArgymhellir eich bod yn dod \u00e2 chinio pecyn gyda chi wrth ddod am sesiwn diwrnod llawn gan nad oes gennym gyfleusterau arlwyo ar y safle.<\/p>\n<p><strong>Ydych chi&#8217;n lleoliad ecogyfeillgar?<\/strong><br \/>\nMae&#8217;r rhai ohonom sy&#8217;n treulio ein hamser hamdden yn yr awyr agored yn ymwybodol iawn o&#8217;r angen i ddiogelu&#8217;r amgylchedd naturiol trwy fabwysiadu arferion sy&#8217;n amgylcheddol gyfrifol. Mae gennym BSI EN ISO 14001: Rheolaeth Amgylcheddol, safon rheoli amgylcheddol fwyaf cydnabyddedig y byd, gan gysylltu \u00e2 pholisi cynaliadwyedd Awdurdod Harbwr Caerdydd a Chyngor Caerdydd.<\/p>\n","protected":false},"excerpt":{"rendered":"<p>Rydym wedi crefftio&#8217;r dudalen Cwestiynau Cyffredin hon i ateb llawer o&#8217;ch cwestiynau cyffredin. Os na allwch ddod o hyd i&#8217;ch cwestiwn isod, cysylltwch \u00e2 ni a byddwn yn hapus i helpu. A allaf archebu fel unigolyn? Rydym yn darparu ar gyfer selogion amatur a phroffesiynol o wyth oed i fyny. Mae croeso i bobl ifanc [&hellip;]<\/p>\n","protected":false},"author":4,"featured_media":0,"parent":0,"menu_order":0,"comment_status":"closed","ping_status":"closed","template":"","meta":{"_acf_changed":false,"footnotes":""},"class_list":["post-108","page","type-page","status-publish","hentry"],"acf":[],"_links":{"self":[{"href":"https:\/\/www.cbwac.com\/hwylio\/wp-json\/wp\/v2\/pages\/108","targetHints":{"allow":["GET"]}}],"collection":[{"href":"https:\/\/www.cbwac.com\/hwylio\/wp-json\/wp\/v2\/pages"}],"about":[{"href":"https:\/\/www.cbwac.com\/hwylio\/wp-json\/wp\/v2\/types\/page"}],"author":[{"embeddable":true,"href":"https:\/\/www.cbwac.com\/hwylio\/wp-json\/wp\/v2\/users\/4"}],"replies":[{"embeddable":true,"href":"https:\/\/www.cbwac.com\/hwylio\/wp-json\/wp\/v2\/comments?post=108"}],"version-history":[{"count":2,"href":"https:\/\/www.cbwac.com\/hwylio\/wp-json\/wp\/v2\/pages\/108\/revisions"}],"predecessor-version":[{"id":359,"href":"https:\/\/www.cbwac.com\/hwylio\/wp-json\/wp\/v2\/pages\/108\/revisions\/359"}],"wp:attachment":[{"href":"https:\/\/www.cbwac.com\/hwylio\/wp-json\/wp\/v2\/media?parent=108"}],"curies":[{"name":"wp","href":"https:\/\/api.w.org\/{rel}","templated":true}]}}